{"id":63,"date":"2021-12-19T16:29:14","date_gmt":"2021-12-19T13:29:14","guid":{"rendered":"https:\/\/www.synergie-ev.de\/?page_id=63"},"modified":"2021-12-26T13:52:57","modified_gmt":"2021-12-26T10:52:57","slug":"mathematik","status":"publish","type":"page","link":"https:\/\/www.synergie-ev.de\/?page_id=63","title":{"rendered":"Mathematik"},"content":{"rendered":"\n<div class=\"wp-block-columns is-layout-flex wp-container-core-columns-is-layout-28f84493 wp-block-columns-is-layout-flex\">\n<div class=\"wp-block-column is-layout-flow wp-block-column-is-layout-flow\" style=\"flex-basis:33.33%\">\n<div class=\"wp-block-image is-style-default\"><figure class=\"aligncenter size-large is-resized\"><img loading=\"lazy\" decoding=\"async\" src=\"https:\/\/www.synergie-ev.de\/wp-content\/uploads\/2021\/12\/Mathe-1024x1024.jpeg\" alt=\"\" class=\"wp-image-296\" width=\"234\" height=\"234\" srcset=\"https:\/\/www.synergie-ev.de\/wp-content\/uploads\/2021\/12\/Mathe-1024x1024.jpeg 1024w, https:\/\/www.synergie-ev.de\/wp-content\/uploads\/2021\/12\/Mathe-300x300.jpeg 300w, https:\/\/www.synergie-ev.de\/wp-content\/uploads\/2021\/12\/Mathe-150x150.jpeg 150w, https:\/\/www.synergie-ev.de\/wp-content\/uploads\/2021\/12\/Mathe-768x768.jpeg 768w, https:\/\/www.synergie-ev.de\/wp-content\/uploads\/2021\/12\/Mathe-270x270.jpeg 270w, https:\/\/www.synergie-ev.de\/wp-content\/uploads\/2021\/12\/Mathe-230x230.jpeg 230w, https:\/\/www.synergie-ev.de\/wp-content\/uploads\/2021\/12\/Mathe.jpeg 1200w\" sizes=\"auto, (max-width: 234px) 100vw, 234px\" \/><\/figure><\/div>\n<\/div>\n\n\n\n<div class=\"wp-block-column is-layout-flow wp-block-column-is-layout-flow\" style=\"flex-basis:66.66%\">\n<p><\/p>\n\n\n\n<p>Alles, was lediglich\u00a0wahrscheinlich ist, ist wahrscheinlich falsch.<\/p>\n\n\n\n<p>Die Lehrkr\u00e4fte in der Schule haben nicht immer die Zeit, auf die Verst\u00e4ndnisprobleme des Einzelnen einzugehen und die mathematischen Grundlagen gezielt zu wiederholen und zu erkl\u00e4ren. Infolgedessen entstehende Wissensl\u00fccken&nbsp; bereiten vielen Sch\u00fclern gro\u00dfe Probleme.&nbsp;Die rechtzeitige Beseitigung der Defizite ist ein gro\u00dfer Schritt&nbsp; zum Erfolg. Wir helfen Sch\u00fclern die mathematischen Inhalte zu begreifen und sicher damit umzugehen. Das Rechnen viel Spa\u00df&nbsp; machen kann, wenn Ihr Kind die n\u00f6tige Unterst\u00fctzung erh\u00e4lt, eine klare und \u00fcbersichtliche Struktur entsteht, wird durch uns realisiert.<\/p>\n<\/div>\n<\/div>\n\n\n\n<p><strong>Grundlegende Lerninhalte sind u.a<\/strong><\/p>\n\n\n\n<p><img decoding=\"async\" src=\"http:\/\/hd-sf.de\/hd\/images\/ok.png\" alt=\"\">&nbsp;Grundrechenarten<\/p>\n\n\n\n<p><img decoding=\"async\" src=\"http:\/\/hd-sf.de\/hd\/images\/ok.png\" alt=\"\">&nbsp;Sachaufgaben<\/p>\n\n\n\n<p><img decoding=\"async\" src=\"http:\/\/hd-sf.de\/hd\/images\/ok.png\" alt=\"\">&nbsp;Bruchrechnen<\/p>\n\n\n\n<p><img decoding=\"async\" src=\"http:\/\/hd-sf.de\/hd\/images\/ok.png\" alt=\"\">&nbsp;Prozentrechnen<\/p>\n\n\n\n<p><img decoding=\"async\" src=\"http:\/\/hd-sf.de\/hd\/images\/ok.png\" alt=\"\">&nbsp;Geometrie<\/p>\n\n\n\n<p><img decoding=\"async\" src=\"http:\/\/hd-sf.de\/hd\/images\/ok.png\" alt=\"\">&nbsp;Algebra<\/p>\n\n\n\n<p><img decoding=\"async\" src=\"http:\/\/hd-sf.de\/hd\/images\/ok.png\" alt=\"\">&nbsp;Wahrscheinlichkeitsrechnung<\/p>\n\n\n\n<p><img decoding=\"async\" src=\"http:\/\/hd-sf.de\/hd\/images\/ok.png\" alt=\"\">&nbsp;Analytische Geometrie<\/p>\n\n\n\n<p><img decoding=\"async\" src=\"http:\/\/hd-sf.de\/hd\/images\/ok.png\" alt=\"\">&nbsp;Stochastik<\/p>\n\n\n\n<p><img decoding=\"async\" src=\"http:\/\/hd-sf.de\/hd\/images\/ok.png\" alt=\"\">&nbsp;Analysis<\/p>\n\n\n\n<p>Der Lernkreis Weinheim bietet bereits Nachhilfe f\u00fcr Kinder im Grundschulalter an. Doch auch wenn Sie, als Elternteil, nicht mehr bei den Hausaufgaben oder der Vorbereitung auf Klassenarbeiten helfen k\u00f6nnen, stehen wir\u00a0Ihrem Kind helfend zur Seite.<\/p>\n\n\n\n<p><strong>Unsere Leistungen:<\/strong><\/p>\n\n\n\n<ul class=\"wp-block-list\"><li>Vermittlung von Lerntechniken und Konzentrations\u00fcbungen<\/li><li>kostenlose Hausaufgabenbetreuung, Klausur- und Pr\u00fcfungsvorbereitung<\/li><li>gezielte F\u00f6rderung der Kinder<\/li><li>Unterricht in kleinen Gruppen mit maximal 7 Sch\u00fclerinnen und Sch\u00fclern<\/li><li>sozialp\u00e4dagogische Betreuung<\/li><li>kostenloser\u00a0 Motivationsunterricht f\u00fcr alle Klassenstufen<\/li><\/ul>\n","protected":false},"excerpt":{"rendered":"<p>Alles, was lediglich\u00a0wahrscheinlich ist, ist wahrscheinlich falsch. Die Lehrkr\u00e4fte in der Schule haben nicht immer die Zeit, auf die Verst\u00e4ndnisprobleme des Einzelnen einzugehen und die mathematischen Grundlagen gezielt zu wiederholen und zu erkl\u00e4ren. Infolgedessen entstehende Wissensl\u00fccken&nbsp; bereiten vielen Sch\u00fclern gro\u00dfe<\/p>\n","protected":false},"author":1,"featured_media":294,"parent":0,"menu_order":0,"comment_status":"closed","ping_status":"closed","template":"","meta":{"footnotes":""},"class_list":["post-63","page","type-page","status-publish","has-post-thumbnail","hentry"],"_links":{"self":[{"href":"https:\/\/www.synergie-ev.de\/index.php?rest_route=\/wp\/v2\/pages\/63","targetHints":{"allow":["GET"]}}],"collection":[{"href":"https:\/\/www.synergie-ev.de\/index.php?rest_route=\/wp\/v2\/pages"}],"about":[{"href":"https:\/\/www.synergie-ev.de\/index.php?rest_route=\/wp\/v2\/types\/page"}],"author":[{"embeddable":true,"href":"https:\/\/www.synergie-ev.de\/index.php?rest_route=\/wp\/v2\/users\/1"}],"replies":[{"embeddable":true,"href":"https:\/\/www.synergie-ev.de\/index.php?rest_route=%2Fwp%2Fv2%2Fcomments&post=63"}],"version-history":[{"count":2,"href":"https:\/\/www.synergie-ev.de\/index.php?rest_route=\/wp\/v2\/pages\/63\/revisions"}],"predecessor-version":[{"id":297,"href":"https:\/\/www.synergie-ev.de\/index.php?rest_route=\/wp\/v2\/pages\/63\/revisions\/297"}],"wp:featuredmedia":[{"embeddable":true,"href":"https:\/\/www.synergie-ev.de\/index.php?rest_route=\/wp\/v2\/media\/294"}],"wp:attachment":[{"href":"https:\/\/www.synergie-ev.de\/index.php?rest_route=%2Fwp%2Fv2%2Fmedia&parent=63"}],"curies":[{"name":"wp","href":"https:\/\/api.w.org\/{rel}","templated":true}]}}