{"id":824,"date":"2024-11-21T10:30:00","date_gmt":"2024-11-21T07:30:00","guid":{"rendered":"https:\/\/www.synergie-ev.de\/?page_id=824"},"modified":"2024-11-21T10:32:07","modified_gmt":"2024-11-21T07:32:07","slug":"vorlesetag-15-11-2024","status":"publish","type":"page","link":"https:\/\/www.synergie-ev.de\/?page_id=824","title":{"rendered":"Vorlesetag 15.11.2024"},"content":{"rendered":"\n<figure class=\"wp-block-gallery has-nested-images columns-default is-cropped wp-block-gallery-1 is-layout-flex wp-block-gallery-is-layout-flex\">\n<figure class=\"wp-block-image size-large\"><img loading=\"lazy\" decoding=\"async\" width=\"1024\" height=\"1024\" data-id=\"825\" src=\"https:\/\/www.synergie-ev.de\/wp-content\/uploads\/2024\/11\/15.11.2024-1024x1024.png\" alt=\"\" class=\"wp-image-825\" srcset=\"https:\/\/www.synergie-ev.de\/wp-content\/uploads\/2024\/11\/15.11.2024-1024x1024.png 1024w, https:\/\/www.synergie-ev.de\/wp-content\/uploads\/2024\/11\/15.11.2024-300x300.png 300w, https:\/\/www.synergie-ev.de\/wp-content\/uploads\/2024\/11\/15.11.2024-150x150.png 150w, https:\/\/www.synergie-ev.de\/wp-content\/uploads\/2024\/11\/15.11.2024-768x768.png 768w, https:\/\/www.synergie-ev.de\/wp-content\/uploads\/2024\/11\/15.11.2024-270x270.png 270w, https:\/\/www.synergie-ev.de\/wp-content\/uploads\/2024\/11\/15.11.2024-230x230.png 230w, https:\/\/www.synergie-ev.de\/wp-content\/uploads\/2024\/11\/15.11.2024.png 1080w\" sizes=\"auto, (max-width: 1024px) 100vw, 1024px\" \/><\/figure>\n\n\n\n<figure class=\"wp-block-image size-large\"><img loading=\"lazy\" decoding=\"async\" width=\"1024\" height=\"1024\" data-id=\"826\" src=\"https:\/\/www.synergie-ev.de\/wp-content\/uploads\/2024\/11\/15.11.2024-2-1024x1024.png\" alt=\"\" class=\"wp-image-826\" srcset=\"https:\/\/www.synergie-ev.de\/wp-content\/uploads\/2024\/11\/15.11.2024-2-1024x1024.png 1024w, https:\/\/www.synergie-ev.de\/wp-content\/uploads\/2024\/11\/15.11.2024-2-300x300.png 300w, https:\/\/www.synergie-ev.de\/wp-content\/uploads\/2024\/11\/15.11.2024-2-150x150.png 150w, https:\/\/www.synergie-ev.de\/wp-content\/uploads\/2024\/11\/15.11.2024-2-768x768.png 768w, https:\/\/www.synergie-ev.de\/wp-content\/uploads\/2024\/11\/15.11.2024-2-270x270.png 270w, https:\/\/www.synergie-ev.de\/wp-content\/uploads\/2024\/11\/15.11.2024-2-230x230.png 230w, https:\/\/www.synergie-ev.de\/wp-content\/uploads\/2024\/11\/15.11.2024-2.png 1080w\" sizes=\"auto, (max-width: 1024px) 100vw, 1024px\" \/><\/figure>\n<\/figure>\n\n\n\n<p>Am 15.11.2024 haben wir als Synergie Sch\u00fclerf\u00f6rderung e.V. \u201e<strong>Vorlesen schafft Zukunft!<\/strong>\u201c gesagt.<\/p>\n\n\n\n<p>Kinder im Alter von 6 bis 8 Jahren haben an unserem Vorlesetag teilgenommen. In unserem Buch (Sollen wir Freunde werden? &#8211; Arkadas olalim mi?), das wir auf Deutsch und T\u00fcrkisch vorgelesen haben, wurde erkl\u00e4rt, dass es f\u00fcr ausl\u00e4ndische Sch\u00fcler am Anfang nicht leicht ist, Freunde zu finden, dass aber mit der Zeit gute Freundschaften entstehen k\u00f6nnen.<\/p>\n\n\n\n<p>In unserer interaktiven Lesung haben die teilnehmenden Kinder erz\u00e4hlt, dass sie \u00e4hnliche Probleme in ihren Schulen haben.<\/p>\n\n\n\n<p>Nach dem Vorlesen haben wir die L\u00e4nderflaggen ausgemalt und die L\u00e4nder kennengelernt, und wir haben uns beim Ausmalen weiter unterhalten.<\/p>\n\n\n\n<p>Wir haben ein sehr \u00e4hnliches Spiel f\u00fcr Deutschland und die T\u00fcrkei gespielt, \u201eYa\u011f Satar\u0131m\u201c, auf Deutsch \u201eDer Fuchs geht um\u201c.<\/p>\n\n\n\n<p>Wir haben den Kindern Muffins serviert und unser Programm beendet.<\/p>\n\n\n\n<p>Wir freuen uns darauf, euch bei unserer n\u00e4chsten Veranstaltung zu sehen\u2026<\/p>\n\n\n\n<p><strong>#vorlesetag #vorlesenverbindet #vorlesen @stiftunglesen @zeit @zeit_veranstaltungen @deutschebahn #weinheim #stadtweinheim #wirsindweinheim&nbsp;#WNOZ<\/strong><\/p>\n\n\n\n<p><\/p>\n","protected":false},"excerpt":{"rendered":"<p>Am 15.11.2024 haben wir als Synergie Sch\u00fclerf\u00f6rderung e.V. \u201eVorlesen schafft Zukunft!\u201c gesagt. Kinder im Alter von 6 bis 8 Jahren haben an unserem Vorlesetag teilgenommen. In unserem Buch (Sollen wir Freunde werden? &#8211; Arkadas olalim mi?), das wir auf Deutsch<\/p>\n","protected":false},"author":1,"featured_media":0,"parent":0,"menu_order":0,"comment_status":"closed","ping_status":"closed","template":"","meta":{"footnotes":""},"class_list":["post-824","page","type-page","status-publish","hentry"],"_links":{"self":[{"href":"https:\/\/www.synergie-ev.de\/index.php?rest_route=\/wp\/v2\/pages\/824","targetHints":{"allow":["GET"]}}],"collection":[{"href":"https:\/\/www.synergie-ev.de\/index.php?rest_route=\/wp\/v2\/pages"}],"about":[{"href":"https:\/\/www.synergie-ev.de\/index.php?rest_route=\/wp\/v2\/types\/page"}],"author":[{"embeddable":true,"href":"https:\/\/www.synergie-ev.de\/index.php?rest_route=\/wp\/v2\/users\/1"}],"replies":[{"embeddable":true,"href":"https:\/\/www.synergie-ev.de\/index.php?rest_route=%2Fwp%2Fv2%2Fcomments&post=824"}],"version-history":[{"count":2,"href":"https:\/\/www.synergie-ev.de\/index.php?rest_route=\/wp\/v2\/pages\/824\/revisions"}],"predecessor-version":[{"id":830,"href":"https:\/\/www.synergie-ev.de\/index.php?rest_route=\/wp\/v2\/pages\/824\/revisions\/830"}],"wp:attachment":[{"href":"https:\/\/www.synergie-ev.de\/index.php?rest_route=%2Fwp%2Fv2%2Fmedia&parent=824"}],"curies":[{"name":"wp","href":"https:\/\/api.w.org\/{rel}","templated":true}]}}